{"id":4597,"date":"2025-03-31T08:49:06","date_gmt":"2025-03-31T13:49:06","guid":{"rendered":"https:\/\/lavender-wolf-327523.hostingersite.com\/?page_id=4597"},"modified":"2025-03-31T11:01:38","modified_gmt":"2025-03-31T16:01:38","slug":"novedades","status":"publish","type":"page","link":"https:\/\/acusticperu.com\/?page_id=4597","title":{"rendered":"Novedades"},"content":{"rendered":"<h2>Tutoriales, Consejos y Tips de Ac\u00fastica<\/h2>\n<p>\t\t\t\t\t<a data-id=\"4595\" href=\"https:\/\/lavender-wolf-327523.hostingersite.com\/?p=4595\" target=\"_self\"><img class='rt-img-responsive' src='https:\/\/lavender-wolf-327523.hostingersite.com\/wp-content\/uploads\/2025\/03\/BARRERA-METAL-1.jpg' width=\"500\" height=\"500\" alt='Aislamiento y Acondicionamiento Ac\u00fastico'><br \/>\n\t\t<\/a><\/p>\n<h3><a data-id=\"4595\" href=\"https:\/\/lavender-wolf-327523.hostingersite.com\/?p=4595\" target=\"_self\">Aislamiento y Acondicionamiento Ac\u00fastico<\/a><\/h3>\n<p>\t\t\t\t\t\t\t\t\u00bfEscuchas eso? Descubre la Ac\u00fastica Arquitect\u00f3nica y sus Dos Caras: Aislamiento vs&#8230;<br \/>\n\t\t\t\t\t<a data-id=\"4595\" href=\"https:\/\/lavender-wolf-327523.hostingersite.com\/?p=4595\" target=\"_self\">Saber mas&#8230;..<\/a><br \/>\n\t\t\t\t\t<a data-id=\"4606\" href=\"https:\/\/lavender-wolf-327523.hostingersite.com\/?p=4606\" target=\"_self\"><img class='rt-img-responsive' src='https:\/\/lavender-wolf-327523.hostingersite.com\/wp-content\/uploads\/2025\/03\/diferencia-entre-sonido-y-ruido-og-768x403.jpg' width=\"768\" height=\"403\" alt='Sonido y Ruido'><br \/>\n\t\t<\/a><\/p>\n<h3><a data-id=\"4606\" href=\"https:\/\/lavender-wolf-327523.hostingersite.com\/?p=4606\" target=\"_self\">Sonido y Ruido<\/a><\/h3>\n<p>\t\t\t\t\t\t\t\tEl Mundo Secreto del Sonido: Descifrando Decibelios, Frecuencias y el Eco que Nos Rodea \u00a1Hola de&#8230;<br \/>\n\t\t\t\t\t<a data-id=\"4606\" href=\"https:\/\/lavender-wolf-327523.hostingersite.com\/?p=4606\" target=\"_self\">Saber mas&#8230;..<\/a><br \/>\n\t\t\t\t\t<a data-id=\"4608\" href=\"https:\/\/lavender-wolf-327523.hostingersite.com\/?p=4608\" target=\"_self\"><img class='rt-img-responsive' src='https:\/\/lavender-wolf-327523.hostingersite.com\/wp-content\/uploads\/2025\/03\/hospi.png' width=\"717\" height=\"539\" alt='Ac\u00fastica en Edificios'><br \/>\n\t\t<\/a><\/p>\n<h3><a data-id=\"4608\" href=\"https:\/\/lavender-wolf-327523.hostingersite.com\/?p=4608\" target=\"_self\">Ac\u00fastica en Edificios<\/a><\/h3>\n<p>\t\t\t\t\t\t\t\tM\u00e1s All\u00e1 del Silencio: Por Qu\u00e9 la Ac\u00fastica en Edificios es Esencial para Tu Salud, Bienestar y&#8230;<br \/>\n\t\t\t\t\t<a data-id=\"4608\" href=\"https:\/\/lavender-wolf-327523.hostingersite.com\/?p=4608\" target=\"_self\">Saber mas&#8230;..<\/a><br \/>\n\t\t\t\t\t<a data-id=\"4610\" href=\"https:\/\/lavender-wolf-327523.hostingersite.com\/?p=4610\" target=\"_self\"><img class='rt-img-responsive' src='https:\/\/lavender-wolf-327523.hostingersite.com\/wp-content\/uploads\/2025\/03\/701940320_227015449_1024x576-e1743435631875-768x486.webp' width=\"768\" height=\"486\" alt='Problemas Ac\u00fasticos Comunes'><br \/>\n\t\t<\/a><\/p>\n<h3><a data-id=\"4610\" href=\"https:\/\/lavender-wolf-327523.hostingersite.com\/?p=4610\" target=\"_self\">Problemas Ac\u00fasticos Comunes<\/a><\/h3>\n<p>\t\t\t\t\t\t\t\t\u00bfTu Edificio Te Habla (Demasiado)? Problemas Ac\u00fasticos Comunes y C\u00f3mo Solucionarlos Seg\u00fan el Espacio&#8230;<br \/>\n\t\t\t\t\t<a data-id=\"4610\" href=\"https:\/\/lavender-wolf-327523.hostingersite.com\/?p=4610\" target=\"_self\">Saber mas&#8230;..<\/a><br \/>\n\t\t\t\t\t<a data-id=\"4612\" href=\"https:\/\/lavender-wolf-327523.hostingersite.com\/?p=4612\" target=\"_self\"><img class='rt-img-responsive' src='https:\/\/lavender-wolf-327523.hostingersite.com\/wp-content\/uploads\/2025\/03\/Aural-en-sala-de-grabaciones-3.jpg_m.jpg' width=\"520\" height=\"390\" alt='Gu\u00eda B\u00e1sica de Materiales'><br \/>\n\t\t<\/a><\/p>\n<h3><a data-id=\"4612\" href=\"https:\/\/lavender-wolf-327523.hostingersite.com\/?p=4612\" target=\"_self\">Gu\u00eda B\u00e1sica de Materiales<\/a><\/h3>\n<p>\t\t\t\t\t\t\t\tEl Arsenal Secreto del Confort Ac\u00fastico: Materiales Absorbentes, Aislantes y Difusores (\u00a1Y Cu\u00e1ndo&#8230;<br \/>\n\t\t\t\t\t<a data-id=\"4612\" href=\"https:\/\/lavender-wolf-327523.hostingersite.com\/?p=4612\" target=\"_self\">Saber mas&#8230;..<\/a><br \/>\n\t\t\t\t\t<a data-id=\"4614\" href=\"https:\/\/lavender-wolf-327523.hostingersite.com\/?p=4614\" target=\"_self\"><img class='rt-img-responsive' src='https:\/\/lavender-wolf-327523.hostingersite.com\/wp-content\/uploads\/2025\/03\/aislar-una-casa-del-ruido.webp' width=\"724\" height=\"483\" alt='El ABC del Aislamiento Ac\u00fastico'><br \/>\n\t\t<\/a><\/p>\n<h3><a data-id=\"4614\" href=\"https:\/\/lavender-wolf-327523.hostingersite.com\/?p=4614\" target=\"_self\">El ABC del Aislamiento Ac\u00fastico<\/a><\/h3>\n<p>\t\t\t\t\t\t\t\tEl ABC del Aislamiento Ac\u00fastico: C\u00f3mo Levantar Muros (Invisibles) Contra el Ruido \u00a1Hola, defensores&#8230;<br \/>\n\t\t\t\t\t<a data-id=\"4614\" href=\"https:\/\/lavender-wolf-327523.hostingersite.com\/?p=4614\" target=\"_self\">Saber mas&#8230;..<\/a><\/p>\n","protected":false},"excerpt":{"rendered":"<p>Tutoriales, Consejos y Tips de Ac\u00fastica Aislamiento y Acondicionamiento Ac\u00fastico \u00bfEscuchas eso? Descubre la Ac\u00fastica Arquitect\u00f3nica y sus Dos Caras: Aislamiento vs&#8230; Saber mas&#8230;.. Sonido y Ruido El Mundo Secreto del Sonido: Descifrando Decibelios, Frecuencias y el Eco que Nos Rodea \u00a1Hola de&#8230; Saber mas&#8230;.. Ac\u00fastica en Edificios M\u00e1s All\u00e1 del Silencio: Por Qu\u00e9 la [&hellip;]<\/p>\n","protected":false},"author":1,"featured_media":0,"parent":0,"menu_order":0,"comment_status":"closed","ping_status":"closed","template":"","meta":{"footnotes":""},"class_list":["post-4597","page","type-page","status-publish","hentry"],"blocksy_meta":[],"_links":{"self":[{"href":"https:\/\/acusticperu.com\/index.php?rest_route=\/wp\/v2\/pages\/4597","targetHints":{"allow":["GET"]}}],"collection":[{"href":"https:\/\/acusticperu.com\/index.php?rest_route=\/wp\/v2\/pages"}],"about":[{"href":"https:\/\/acusticperu.com\/index.php?rest_route=\/wp\/v2\/types\/page"}],"author":[{"embeddable":true,"href":"https:\/\/acusticperu.com\/index.php?rest_route=\/wp\/v2\/users\/1"}],"replies":[{"embeddable":true,"href":"https:\/\/acusticperu.com\/index.php?rest_route=%2Fwp%2Fv2%2Fcomments&post=4597"}],"version-history":[{"count":19,"href":"https:\/\/acusticperu.com\/index.php?rest_route=\/wp\/v2\/pages\/4597\/revisions"}],"predecessor-version":[{"id":4744,"href":"https:\/\/acusticperu.com\/index.php?rest_route=\/wp\/v2\/pages\/4597\/revisions\/4744"}],"wp:attachment":[{"href":"https:\/\/acusticperu.com\/index.php?rest_route=%2Fwp%2Fv2%2Fmedia&parent=4597"}],"curies":[{"name":"wp","href":"https:\/\/api.w.org\/{rel}","templated":true}]}}